{"id":28,"date":"2021-04-12T17:35:34","date_gmt":"2021-04-12T15:35:34","guid":{"rendered":"http:\/\/passharmonie.com\/?page_id=28"},"modified":"2023-12-09T12:21:13","modified_gmt":"2023-12-09T11:21:13","slug":"presentation","status":"publish","type":"page","link":"https:\/\/passharmonie.com\/index.php\/presentation\/","title":{"rendered":"PR\u00c9SENTATION"},"content":{"rendered":"\t\t<div data-elementor-type=\"wp-page\" data-elementor-id=\"28\" class=\"elementor elementor-28\">\n\t\t\t\t\t\t\t\t\t<section class=\"elementor-section elementor-top-section elementor-element elementor-element-d158404 elementor-section-boxed elementor-section-height-default elementor-section-height-default\" data-id=\"d158404\" data-element_type=\"section\">\n\t\t\t\t\t\t<div class=\"elementor-container elementor-column-gap-default\">\n\t\t\t\t\t<div class=\"elementor-column elementor-col-50 elementor-top-column elementor-element elementor-element-a214a89\" data-id=\"a214a89\" data-element_type=\"column\">\n\t\t\t<div class=\"elementor-widget-wrap elementor-element-populated\">\n\t\t\t\t\t\t\t\t<div class=\"elementor-element elementor-element-3bc928e elementor-widget elementor-widget-image\" data-id=\"3bc928e\" data-element_type=\"widget\" data-widget_type=\"image.default\">\n\t\t\t\t<div class=\"elementor-widget-container\">\n\t\t\t\t\t\t\t\t\t\t\t\t\t\t\t<img decoding=\"async\" loading=\"lazy\" width=\"1280\" height=\"720\" src=\"https:\/\/passharmonie.com\/wp-content\/uploads\/2021\/04\/SOPHRO-2.png\" class=\"attachment-full size-full wp-image-741\" alt=\"\" srcset=\"https:\/\/passharmonie.com\/wp-content\/uploads\/2021\/04\/SOPHRO-2.png 1280w, https:\/\/passharmonie.com\/wp-content\/uploads\/2021\/04\/SOPHRO-2-300x169.png 300w, https:\/\/passharmonie.com\/wp-content\/uploads\/2021\/04\/SOPHRO-2-1024x576.png 1024w, https:\/\/passharmonie.com\/wp-content\/uploads\/2021\/04\/SOPHRO-2-768x432.png 768w, https:\/\/passharmonie.com\/wp-content\/uploads\/2021\/04\/SOPHRO-2-107x60.png 107w\" sizes=\"(max-width: 1280px) 100vw, 1280px\" \/>\t\t\t\t\t\t\t\t\t\t\t\t\t\t\t<\/div>\n\t\t\t\t<\/div>\n\t\t\t\t\t<\/div>\n\t\t<\/div>\n\t\t\t\t<div class=\"elementor-column elementor-col-50 elementor-top-column elementor-element elementor-element-d89c136\" data-id=\"d89c136\" data-element_type=\"column\">\n\t\t\t<div class=\"elementor-widget-wrap elementor-element-populated\">\n\t\t\t\t\t\t\t\t<div class=\"elementor-element elementor-element-a634e6a elementor-widget elementor-widget-heading\" data-id=\"a634e6a\" data-element_type=\"widget\" data-widget_type=\"heading.default\">\n\t\t\t\t<div class=\"elementor-widget-container\">\n\t\t\t<h3 class=\"elementor-heading-title elementor-size-large\">PORTRAIT DE KATELL BOGERO\nSOPHROLOGUE<\/h3>\t\t<\/div>\n\t\t\t\t<\/div>\n\t\t\t\t<div class=\"elementor-element elementor-element-23da7c2 elementor-widget elementor-widget-text-editor\" data-id=\"23da7c2\" data-element_type=\"widget\" data-widget_type=\"text-editor.default\">\n\t\t\t\t<div class=\"elementor-widget-container\">\n\t\t\t\t\t\t\t<p>Dipl\u00f4m\u00e9e de l\u2019\u00e9cole <em><strong>Sup de Sophro<\/strong><\/em> et membre de la <em><strong>Chambre Syndicale de Sophrologie<\/strong><\/em>, je m\u2019engage \u00e0 respecter le code de d\u00e9ontologie du sophrologue.<\/p><p>Manager dans une grande\u00a0 entreprise, j&#8217;ai rapidement compris qu\u2019il \u00e9tait indispensable de poss\u00e9der un esprit positif et de savoir g\u00e9rer son stress pour faire face \u00e0 ce monde o\u00f9 tout va si vite, et o\u00f9 l\u2019on peut perdre pied \u00e0 tout moment.<\/p><p>Je me suis alors naturellement tourn\u00e9e vers la psychologie positive, am\u00e9liorant rapidement mon bien- \u00eatre. D\u00e9couvrir les cl\u00e9s du bien \u00eatre au travers d&#8217;une formation m\u2019a fait prendre conscience que j\u2019\u00e9tais la seule actrice de mon \u00e9panouissement.<\/p>\t\t\t\t\t\t<\/div>\n\t\t\t\t<\/div>\n\t\t\t\t\t<\/div>\n\t\t<\/div>\n\t\t\t\t\t\t\t<\/div>\n\t\t<\/section>\n\t\t\t\t<section class=\"elementor-section elementor-top-section elementor-element elementor-element-eef0300 elementor-section-boxed elementor-section-height-default elementor-section-height-default\" data-id=\"eef0300\" data-element_type=\"section\">\n\t\t\t\t\t\t<div class=\"elementor-container elementor-column-gap-default\">\n\t\t\t\t\t<div class=\"elementor-column elementor-col-100 elementor-top-column elementor-element elementor-element-996b0bc\" data-id=\"996b0bc\" data-element_type=\"column\">\n\t\t\t<div class=\"elementor-widget-wrap elementor-element-populated\">\n\t\t\t\t\t\t\t\t<div class=\"elementor-element elementor-element-5270281 elementor-widget elementor-widget-text-editor\" data-id=\"5270281\" data-element_type=\"widget\" data-widget_type=\"text-editor.default\">\n\t\t\t\t<div class=\"elementor-widget-container\">\n\t\t\t\t\t\t\t<p>J\u2019ai pu d\u00e9ployer les savoirs acquis pendant cette formation non seulement dans mon entreprise, mais \u00e9galement \u00e0 la maison, en famille afin de retrouver une paix int\u00e9rieure et des moments intenses de joie et de r\u00e9conciliation ouvrant sur un dialogue et une communication positive.<\/p><p><span style=\"font-weight: 400;\">Mais je savais que je pouvais apporter encore plus \u00e0 mes coll\u00e8gues, \u00e0 ma famille, \u00e0 mes amis.<br \/><\/span><span style=\"font-weight: 400;\">Alors je me suis lanc\u00e9e de mani\u00e8re professionnelle dans la sophrologie, discipline que j\u2019avais d\u00e9couvert aupr\u00e8s de sophrologues accompagnant la phobie de l\u2019avion, lors d\u2019un stage sp\u00e9cialis\u00e9.<br \/><\/span><span style=\"font-weight: 400;\">Quel drame de d\u00e9couvrir, que depuis des ann\u00e9es je ne savais pas respirer, et quel soulagement de voir qu&#8217;en quelques minutes, je ressentais d\u00e9j\u00e0 les bienfaits de la d\u00e9tente et du bien-\u00eatre imm\u00e9diat.<\/span><\/p>\t\t\t\t\t\t<\/div>\n\t\t\t\t<\/div>\n\t\t\t\t\t<\/div>\n\t\t<\/div>\n\t\t\t\t\t\t\t<\/div>\n\t\t<\/section>\n\t\t\t\t<section class=\"elementor-section elementor-top-section elementor-element elementor-element-0adfcfc elementor-section-boxed elementor-section-height-default elementor-section-height-default\" data-id=\"0adfcfc\" data-element_type=\"section\">\n\t\t\t\t\t\t<div class=\"elementor-container elementor-column-gap-default\">\n\t\t\t\t\t<div class=\"elementor-column elementor-col-100 elementor-top-column elementor-element elementor-element-a3370f5\" data-id=\"a3370f5\" data-element_type=\"column\">\n\t\t\t<div class=\"elementor-widget-wrap elementor-element-populated\">\n\t\t\t\t\t\t\t\t<div class=\"elementor-element elementor-element-9f73ffd elementor-widget elementor-widget-text-editor\" data-id=\"9f73ffd\" data-element_type=\"widget\" data-widget_type=\"text-editor.default\">\n\t\t\t\t<div class=\"elementor-widget-container\">\n\t\t\t\t\t\t\t<p><span style=\"font-weight: 400;\">Sophrologue certifi\u00e9e RNCP, je propose mes services aux particuliers, aux entreprises, aux \u00e9coles.<\/span><\/p><p><span style=\"font-weight: 400;\">Et parce que j\u2019ai pu largement observer les bienfaits des huiles essentielles sur moi m\u00eame, je vous propose \u00e9galement de d\u00e9couvrir les nombreux b\u00e9n\u00e9fices des plantes lors d\u2019ateliers conviviaux !<\/span><\/p><p><span style=\"font-weight: 400;\">Il est primordial de prendre soin de vous, de vos coll\u00e8gues, de vos \u00e9l\u00e8ves, et d\u2019apprendre \u00e0 trouver le bon \u00e9quilibre.\u00a0<\/span><span style=\"font-weight: 400;\">Je choisirai ce qui est le plus adapt\u00e9 pour vous satisfaire au travers de nombreuses cl\u00e9s que je vous transmettrai avec passion.<\/span><\/p><p><span style=\"font-weight: 400;\">L\u2019harmonie est possible si vous vous sentez pr\u00eat pour une transformation.<\/span><\/p><p><span style=\"font-weight: 400;\">Entreprise ou responsable scolaire, seul ou en groupe , n\u2019h\u00e9sitez pas \u00e0 me contacter .<\/span><\/p>\t\t\t\t\t\t<\/div>\n\t\t\t\t<\/div>\n\t\t\t\t\t<\/div>\n\t\t<\/div>\n\t\t\t\t\t\t\t<\/div>\n\t\t<\/section>\n\t\t\t\t\t\t\t<\/div>\n\t\t","protected":false},"excerpt":{"rendered":"<p>PORTRAIT DE KATELL BOGERO SOPHROLOGUE Dipl\u00f4m\u00e9e de l\u2019\u00e9cole Sup de Sophro et membre de la Chambre Syndicale de Sophrologie, je m\u2019engage \u00e0 respecter le code de d\u00e9ontologie du sophrologue. Manager &hellip; <\/p>\n","protected":false},"author":1,"featured_media":0,"parent":0,"menu_order":0,"comment_status":"closed","ping_status":"closed","template":"","meta":{"footnotes":""},"_links":{"self":[{"href":"https:\/\/passharmonie.com\/index.php\/wp-json\/wp\/v2\/pages\/28"}],"collection":[{"href":"https:\/\/passharmonie.com\/index.php\/wp-json\/wp\/v2\/pages"}],"about":[{"href":"https:\/\/passharmonie.com\/index.php\/wp-json\/wp\/v2\/types\/page"}],"author":[{"embeddable":true,"href":"https:\/\/passharmonie.com\/index.php\/wp-json\/wp\/v2\/users\/1"}],"replies":[{"embeddable":true,"href":"https:\/\/passharmonie.com\/index.php\/wp-json\/wp\/v2\/comments?post=28"}],"version-history":[{"count":135,"href":"https:\/\/passharmonie.com\/index.php\/wp-json\/wp\/v2\/pages\/28\/revisions"}],"predecessor-version":[{"id":831,"href":"https:\/\/passharmonie.com\/index.php\/wp-json\/wp\/v2\/pages\/28\/revisions\/831"}],"wp:attachment":[{"href":"https:\/\/passharmonie.com\/index.php\/wp-json\/wp\/v2\/media?parent=28"}],"curies":[{"name":"wp","href":"https:\/\/api.w.org\/{rel}","templated":true}]}}